d by f.
2
Suppose y + 74 = 214. What is the remainder when y is divided by 36?
32
Let f be (2 - 1) + 144/6. What is the remainder when f + 3/(-9)*0 is divided by (-1)/7 - (-792)/56?
11
Suppose k + 14 = -0*k + 2*m, 4*m = -2*k - 28. Let i = -6 + k. What is the remainder when 18 is divided by 1/(-4)*2*i?
8
Let l(g) = 5 - 12 + 4 + 1 + 4*g**2. Suppose 2*w = 4*x - 16, -4*w + 2*x - 2 = -0*x. What is the remainder when 25 is divided by l(w)?
11
Suppose 0 = -3*h + z + 27, 22*h + 36 = 25*h + 2*z. Calculate the remainder when 348 is divided by h.
8
Let a = 13 - 18. Let h(w) = 2*w**2 + 7*w + 6. What is the remainder when h(a) is divided by (9/4)/(12*(-1)/(-32))?
3
Suppose -25*f + 773 = -1852. What is the remainder when f is divided by 11?
6
Let i = 205 - 192. What is the remainder when 50 is divided by i?
11
Let q(n) = 9*n**2 + 6*n - 1. What is the remainder when 90 is divided by q(2)?
43
Suppose -279 = 27*x - 1656. Calculate the remainder when x is divided by 4.
3
Let o = 103 - 58. Suppose -5*j + 92 = -9*j. Let t = -7 - j. What is the remainder when o is divided by t?
13
Let k be (45/(-30))/(2 - (-38)/(-20)). Let v = k - -31. Calculate the remainder when v is divided by 10.
6
Let w(t) = -t**2 - 20*t - 40. What is the remainder when 167 is divided by w(-15)?
27
Suppose r + 5 = 0, -5*t + 5*r - 2*r = -265. Suppose -t + 17 = 3*k. Let z = k - -23. What is the remainder when 34 is divided by z?
10
Suppose -2*r - 30 = -3*i, -5*r - 9 + 36 = i. Suppose -8*h = -i*h + 108. Calculate the remainder when h is divided by -3 - (2 + -4) - -15.
13
Let s = 87 + 24. Suppose -28 = -p + 4*a, 46*a - 6 = 48*a. Calculate the remainder when s is divided by p.
15
Let t(k) = 14*k + 257. Calculate the remainder when 132 is divided by t(-18).
2
Let l(f) = 62*f + 56. Let g(r) = -21*r - 19. Let a(t) = -17*g(t) - 6*l(t). Calculate the remainder when a(-4) is divided by 17.
13
Let y(c) = c**3 + c**2 + c + 38. What is the remainder when 188 is divided by y(0)?
36
Let a(o) = 10*o**2 - o - 1. Suppose -2*d = 6*f - 3*f - 10, 2*f - 10 = 2*d. What is the remainder when 39 is divided by a(d)?
9
Suppose -5*l - 3*z = 74, -11 = -3*l - 3*z - 59. Let d = l + 59. Calculate the remainder when d is divided by 24.
22
Suppose 4*s + i - 52 = 5*i, -5*s - 4*i + 38 = 0. Let o = 2079 + -2062. Calculate the remainder when o is divided by s.
7
Let m(a) = 37*a**2 - 2*a + 1. Suppose -3*f + 4 = -2. Let q be m(f). Suppose 4*v + q = 9*v. What is the remainder when 85 is divided by v?
27
Suppose j + 0 = 2. Suppose -3*f = 0, 68 = -2*k + j*f - 4. Calculate the remainder when 45 is divided by 102/4 - k/(-24).
21
Suppose 0 = -7*w + 3 - 31. Calculate the remainder when 19 is divided by ((w - -3)*-1)/1.
0
Let t(h) = 56*h + 6. Suppose 0 = -4*l - 3*k + 52, k = 2*l - k - 40. What is the remainder when t(1) is divided by l?
14
Suppose -p + 4*c + 8 = 3*p, -2 = 3*p - 5*c. Suppose -b + p*b = 5*s + 65, -2*s - 13 = -b. What is the remainder when 25 is divided by b?
12
Let a = 3 + 15. Suppose 4*f = -5*d + 2 - a, -2*d - 8 = 2*f. Suppose d*q - 5*q + 115 = 0. Calculate the remainder when 91 is divided by q.
22
Suppose 15*d = 6*d + 207. What is the remainder when d is divided by 16?
7
Suppose -29*i = -1211 + 138. What is the remainder when 107 is divided by i?
33
Let d(t) = -t**2 - 10*t - 4. Let f be d(-5). Suppose 101 - f = 10*w. Calculate the remainder when 28 is divided by w.
4
What is the remainder when (-1 + -22)/(-14 - -6 - -7) is divided by 15?
8
Suppose 3*l + 19 - 1 = -4*w, -2*l - 7 = w. Calculate the remainder when -11*4*1/l is divided by 12.
10
Suppose -4*g + 51 = -g. Calculate the remainder when 312/18*(-135)/(-36) is divided by g.
14
Suppose 205 = m + 4*m. What is the remainder when 776 is divided by m?
38
What is the remainder when 104 is divided by (31/(-6)*3)/(4/(-8))?
11
Calculate the remainder when 1/(-6) - (0 + 211/(-6)) is divided by 10.
5
Let d = 23 - 1. What is the remainder when d is divided by 760/665*(-10 - -3)/(-1)?
6
Suppose -10*d + 66 = -134. Let q(l) = l**3 - 1. Let t be q(1). Suppose t*r + 33 = 3*r. What is the remainder when d is divided by r?
9
Let p(b) = b**2 + 47*b - 8. What is the remainder when 93 is divided by p(-48)?
13
Let k be (-180)/(-35) - (-1)/(-7). Suppose -k + 9 = j. Suppose -2*u - 2*q = -0*q - 56, -u - j*q + 40 = 0. Calculate the remainder when u is divided by 5.
4
Suppose s = 5, 2*y - 5*s - 46 + 15 = 0. Suppose -y*l = -31*l + 414. Calculate the remainder when l is divided by 28.
26
Let w = 245 + -176. What is the remainder when 617 is divided by w?
65
What is the remainder when 3 - (1 - -7 - 738) is divided by 32?
29
Suppose -11*v + 322 = -4*v. Let j = v - 41. Calculate the remainder when 39 is divided by j.
4
Suppose 14*t - 1091 = 127. Calculate the remainder when t is divided by 15.
12
Suppose 0 = -3*n - 2*f + 11, -2*n + 4*f + 42 = 8. Let k = 2 - 3. What is the remainder when 1/k - (-1 + -20) is divided by n?
6
Suppose -100 = -4*j + 4*t, t = 3 - 2. Suppose -2*a = 3*a - 250. Calculate the remainder when a is divided by j.
24
Suppose 3*d - 2*d - 1 = 0. Let n(w) = 26*w**2 + 2*w - 1. Calculate the remainder when (16/40)/((-1)/(-195)) - -1 is divided by n(d).
25
Let f = 117 + -166. Let s = f + 128. Calculate the remainder when s is divided by 20.
19
Let p(u) = u**2 + 9*u - 8. Let v be 86/(-7) - (-6)/21. Calculate the remainder when p(v) is divided by 8.
4
Let k(y) = 8*y**2 + 6*y + 3. Let u be k(-2). Let s = u + 7. Calculate the remainder when 89 is divided by s.
29
Let m(d) = d - 6. Suppose 3*x - 4*x = -6. Let p be m(x). Suppose p*q = 5*q - k - 87, 2*k = q - 12. What is the remainder when 69 is divided by q?
15
Suppose 2*z - 4*n = 0, 2*z = -0*z + 2*n + 4. Suppose -s + 12 = 3*a + s, 0 = -a - z*s + 14. Suppose -11 = -t + a. What is the remainder when 37 is divided by t?
11
Let d(s) = 7*s - 5. Let f = -51 + 67. What is the remainder when f is divided by d(2)?
7
Let o = -356 + 543. What is the remainder when o is divided by 7?
5
Let f = 932 - 837. Calculate the remainder when 168 is divided by f.
73
Suppose -4*s + 98 = 5*v, 2*v = 3*s - 0*v - 62. Let c = -12 + s. Let l(h) = -h + 11. What is the remainder when c is divided by l(7)?
2
What is the remainder when 43 is divided by (-3 + 0)*(28/(-12) - 5)?
21
Let l(c) = 3*c**3 + c. Let b be l(1). Suppose b*q + 150 = 9*q. Calculate the remainder when 85 is divided by q.
25
Suppose 480 = 5*t - 340. Suppose -5*o + 5*x = -125, -5*x + 0*x + 43 = o. What is the remainder when t is divided by o?
24
Suppose 8*d = 3*d + 35. Let t = 1706 - 1688. Calculate the remainder when t is divided by d.
4
Suppose -18*p + 693 = -9*p. Suppose 3*j + 4*b - 3 = 0, 4*j - 4*b = 48 - 16. Calculate the remainder when p is divided by j.
2
Suppose -4*u - 3*z = -305, 3*z = -20*u + 17*u + 225. Calculate the remainder when u is divided by 18/(-4)*-3*2.
26
Let w be ((-26)/4 + 6)/(1/(-8)). Suppose 0 = -w*a - 8, 0*r - 5*r + 2*a = -49. Suppose 0 = -0*t - 3*t + 12. Calculate the remainder when r is divided by t.
1
Suppose 2*m + 207 = -m. Let a = m + 96. Calculate the remainder when a is divided by 18.
9
Let j = 12 + 9. What is the remainder when 144 is divided by j?
18
Let t = 411 + -390. What is the remainder when 161 is divided by t?
14
Suppose -5*i = -2*z + 32, -z = 7*i - 9*i - 15. Calculate the remainder when z is divided by 6.
5
What is the remainder when 1768 is divided by 37 - 3*56/24?
28
Let j = -305 + 309. Calculate the remainder when 38 is divided by j.
2
Suppose 5*o = 2*w + 1691, -2*o + 2*w + 1354 = 2*o. Suppose -o = -4*p - k, 0*k - 3*k = -5*p + 400. Calculate the remainder when p is divided by 21.
20
Let n = 948 - 851. Calculate the remainder when n is divided by 47.
3
Suppose -14*r - 23 + 219 = 0. Calculate the remainder when r is divided by 6.
2
Suppose 5*t - 485 = -4*h - h, -4*t = 5*h - 390. Suppose 28*r - 328 = 344. What is the remainder when t is divided by r?
23
Suppose 16*z - 295 = 345. What is the remainder when z is divided by 21?
19
Let x = 116 - 87. Suppose 3*d = -0*d - 102. Let n = d + 49. Calculate the remainder when x is divided by n.
14
Suppose -4*i = -b - 40, -3*i + 2*b + 8 = -27. Let q(w) = 3*w - 5. What is the remainder when 447/7 - 6/(-42) is divided by q(i)?
20
Suppose 2*d + 2*d - 360 = -2*m, 4 = m. Suppose -81 - d = -13*t. Suppose 4*y = 2*y + 10. What is the